 = t, -270 = -3*t + 3*r. Let g = t + -81. Suppose -i = -g - 19. What are the prime factors of i?
2
What are the prime factors of ((-28 - -22) + (-37)/2)/((-4)/808)?
7, 101
Let b = 3244 - 7105. Let d = -2690 - b. What are the prime factors of d?
1171
Suppose 49*u = -187*u + 4275202 - 1553178. List the prime factors of u.
2, 73, 79
Let n(g) = 269*g**2 - g - 3. Let r be n(-2). List the prime factors of r/15 - 3/(-9).
2, 3
Let r = 25083 + -8335. List the prime factors of r.
2, 53, 79
Let t(m) = 7*m - 65. Let u be t(13). Suppose u*g = 18*g + 2832. List the prime factors of g.
2, 3, 59
Let g(p) = -1055 - 1058 - 22*p + 2142. List the prime factors of g(-7).
3, 61
Let q = 14 - 30. Let x = q + 19. Suppose 4*i + c - 59 = 0, 4*c = x*i - 56 + 7. What are the prime factors of i?
3, 5
List the prime factors of -5721*(10/1 + -11).
3, 1907
What are the prime factors of 8709/(14 + (3 - 16))?
3, 2903
Suppose -4*g = 3*g + 2590. Let m = g + 805. What are the prime factors of m?
3, 5, 29
Suppose -2*g - 34419 = -l, 0 = g + 19 - 23. What are the prime factors of l?
173, 199
Let f = -391 - -391. What are the prime factors of 693 - (f - 24/4)/2?
2, 3, 29
Suppose 4*y - 4135 = 5*z, 4*y - 3400 = 2*z + 750. What are the prime factors of (y - -4)/2 - 3?
3, 173
Suppose -15149966 + 519782 = -317*i. What are the prime factors of i?
2, 3, 641
Let v(z) = -15*z**2 - 1336*z - 2. What are the prime factors of v(-62)?
2, 3, 5, 839
Let r(i) = 338*i**2 + 25*i - 137. List the prime factors of r(-6).
109
Let s = 4 - 0. Suppose 3*w - s*x - 388 = 0, 4*w + 14 - 530 = 4*x. What are the prime factors of w?
2
Let d(c) be the first derivative of c**4/4 + 19*c**3/3 + 33*c**2/2 + 18*c + 33. List the prime factors of d(-15).
3, 47
Let l = 890 + -553. Let u = 185 + l. List the prime factors of u.
2, 3, 29
Let t(w) = 387*w**2 + 179*w + 1014. What are the prime factors of t(-6)?
2, 3, 17
Let j(y) = y**3 - 11*y - 340 + 4*y**2 - y**2 + 2*y**2 + 344. Suppose -4*n - 10 = 5*a, 4*a - n + 39 = 2*n. What are the prime factors of j(a)?
2, 17
Let b(h) = h**3 - h**2 - 2*h + 9. Let f be b(0). Suppose 0 = -f*z + 388 - 19. Suppose 5*u = 4*w + 693, 2*u - 338 = -5*w - z. What are the prime factors of u?
3, 47
Let p(l) = -l**3 - 16*l**2 - 21*l - 17. Let s = -69 - -33. Let r = 21 + s. List the prime factors of p(r).
73
Let a = 46 - 34. Let k be (a/14 - 0)*(-798)/(-3). Suppose u + k = 2*y, 0 = y - u - 73 - 41. List the prime factors of y.
2, 3, 19
Let z = -40 - -43. Let s(x) = 4*x - 2*x - 3 + 5*x**3 + 0*x**3 - 3*x**2 - 5*x. List the prime factors of s(z).
2, 3
Let r be -1 - -1 - (-5 + 338). Suppose -5*s + 5*a = -3025, 0 = 2*a - 27 + 21. Let v = r + s. What are the prime factors of v?
5, 11
Let l(o) = 13*o**2 - 25*o - 4. Suppose 5*r = -29*c + 26*c + 43, -4*r = 5*c - 24. What are the prime factors of l(r)?
2, 647
Let j = 422 + -418. Suppose 4*d + 4*s = 2456, -4*d = -0*d - j*s - 2440. What are the prime factors of d?
2, 3, 17
Let m = -6 + 8. Suppose -r + 3*r - m*i = 144, 3*r + 3*i = 240. Suppose 5*x - x - 28 = -a, 2*x = 4*a - r. What are the prime factors of a?
2, 5
Let n = -521 - -523. What are the prime factors of ((-560)/50)/(n/(-75)) + -3?
3, 139
Let f = 46 + 242. Suppose -o + 5*x + f - 46 = 0, -4*o = 5*x - 868. List the prime factors of o.
2, 3, 37
Let r(p) = -7013*p - 39. Let a be r(5). What are the prime factors of a/(-30) - -3 - (-38)/(-285)?
3, 17, 23
Let l = -6578 - -6486. Let u be (20/(-6))/(1/3). Let f = u - l. What are the prime factors of f?
2, 41
Let j = 1262 + 3773. List the prime factors of j.
5, 19, 53
Let u(t) = -5*t - 25. Let d be u(-6). Suppose d*r = -321 + 76. What are the prime factors of ((-84)/r)/((-4)/(-266))?
2, 3, 19
Suppose -3*w - 35030 = -j, 5*w - 551761 = -12*j - 131278. List the prime factors of j.
37, 947
Suppose -556 = -2*d + 1280. Let q = -247 + d. What are the prime factors of q?
11, 61
Let d(q) be the third derivative of 65*q**4/24 - 5*q**3/3 - 191*q**2 - q. List the prime factors of d(9).
5, 23
Suppose 2*s - 5*s = 5*l - 2190, 1752 = 4*l - 4*s. What are the prime factors of l?
2, 3, 73
Let m(f) = -72*f + 101. Let y be m(-27). Suppose 3*v = 4*r + 1279, -4*v - 4*r - 293 + y = 0. What are the prime factors of v?
433
Let q(t) = 40*t**3 - 12*t**2 - 8*t + 58. List the prime factors of q(5).
2, 7, 337
Let x be 222/(-185)*62830/(-4). Suppose x + 16062 = 27*d. List the prime factors of d.
3, 431
Let z be (14/(-6))/(5/(-660)). Let x = z - -45. What are the prime factors of x?
353
Let o = 244 - 240. Suppose -8*q + 612 = -o*q. List the prime factors of q.
3, 17
Let r = 439 - -534. What are the prime factors of r + (-8 - -15 - 1)?
11, 89
Suppose 0 = -203*f + 45*f + 8102829 - 1682815. What are the prime factors of f?
179, 227
Let i be (11 - 135/18)/((-2)/(-252)). Suppose i = 3*p + 4*k + 61, p - 127 = -k. What are the prime factors of p?
2
Let o = 30544 - 21514. What are the prime factors of o?
2, 3, 5, 7, 43
Let o(y) = -5*y**3 + 5*y**2 - 15*y - 28. Let t(g) = -14*g**3 + 16*g**2 - 45*g - 84. Let j(p) = -17*o(p) + 6*t(p). List the prime factors of j(-11).
137
Let p(j) be the first derivative of -j**4/2 - 3*j**3 + j**2/2 - 37*j + 134. List the prime factors of p(-10).
3, 13
List the prime factors of ((-110)/(-5) - 9) + 11152.
5, 7, 11, 29
Suppose 0 = -3*l + 50 - 23. Suppose -l*o - 1323 = -16*o. What are the prime factors of o?
3, 7
Suppose -5*l = -4*r - 4 - 39, l + 2*r = 3. List the prime factors of 33/(l/(84/18)).
2, 11
List the prime factors of 75301/5 + (-20)/1500*-60.
15061
Let v(d) = d**3 + 5*d**2 - 4*d + 12. Let o be v(-6). Suppose f + 3*p - 6*p - 334 = o, 4*f + p = 1336. List the prime factors of f.
2, 167
Let y = 121 + -248. Suppose 109*k = 113*k + 720. Let d = y - k. What are the prime factors of d?
53
Let r = 6955 + 4778. What are the prime factors of r?
3, 3911
Let p(m) = m**3 - 25*m**2 - 24*m - 59. Let t be p(26). Let s(z) = -3*z**3 - 8*z**2 + 3*z - 11. What are the prime factors of s(t)?
5, 11
Let n = -267 + 389. Let r = 244 - n. List the prime factors of r.
2, 61
Suppose 52*m - 4302180 = -218*m. List the prime factors of m.
2, 31, 257
Let w = 540 - 29. Let v = w - 134. What are the prime factors of v?
13, 29
Let q(d) = -2*d**2 + 35*d - 18. Let p be q(17). Let f(k) = 547*k**2 + 11*k + 11. List the prime factors of f(p).
547
What are the prime factors of (38822/8 - 1)*732/549?
6469
Let b(q) = -12*q + 496. Let p be b(41). Let f = 3 + -1. List the prime factors of 117/f + 2/p.
59
Let h = 6 + -6. Suppose 10 = -2*m + 3*r, 5*r - 3 - 7 = h. Let c = 49 + m. List the prime factors of c.
47
Let s(q) = -q + 13. Let f be s(3). Let w = -1399 + 2301. Suppose -f*a + w = a. List the prime factors of a.
2, 41
Suppose -3*r - 39240 = -8*r - 2*p, 5*p - 15675 = -2*r. What are the prime factors of r?
2, 5, 157
Suppose 6*s + 930 = 11*s. Let m = -93 + s. What are the prime factors of m?
3, 31
Let t be 4/6 + 386/(-3). Let k = 192 + t. Suppose 5*x = 0, -5*g + 336 = 5*x - k. What are the prime factors of g?
2, 5
Let x be 6 - (5 + (-1 - 1)) - 1. Let c be x/(-7) + 255/35. Suppose -c*z = -2*z - 465. List the prime factors of z.
3, 31
Let n = 29 + -26. List the prime factors of (-10)/(-35) + (-1758)/(-21) + n.
3, 29
Let m = 1220 - 791. Suppose -4*h = 57 - m. What are the prime factors of h?
3, 31
Suppose 12*g = 27942 + 45102. List the prime factors of g.
3, 2029
Suppose -41 = -25*x + 109. Let r(w) = 5*w**3 - 3*w**2 + 23*w - 22. What are the prime factors of r(x)?
2, 17
Let b(h) = 1. Let o(g) = 193*g - 30. Let y(v) = -2*b(v) - o(v). What are the prime factors of y(-7)?
7, 197
Let q be (1 - (-366)/(-18))*(-18)/6. Suppose -2*o + q = 4*h, -79 = -4*h - 4*o - 15. List the prime factors of h.
13
Let a be -12*7*(0 + -1). Suppose -4*g - f + 34 = 0, -2 = -g - 0*f + 3*f. List the prime factors of (110/g)/(21/a).
5, 11
Suppose -2*l + l - 2*c - 42 = 0, -108 = 3*l - 3*c. Let s = l - -36. Let k(g) = 3*g**2 + 3*g + 1. List the prime factors of k(s).
7
Let y(b) = 3*b**3 - 9*b**2 + 31*b. Let f be y(9). Suppose -16*l + f + 2695 = 0. What are the prime factors of l?
277
Suppose 5*q + 2*w - 31319 = 0, -3*w + 18786 = 3*q - 0*w. What are the prime factors of q?
5, 7, 179
Let f be (-7)/(-5) - (-1036539)/315. What are the prime factors of (f/(-6))/(14/105*-5)?
823
Let l = -223 - -150. Let z = 605 - l. List the prime factors of z.
2, 3, 1